{"id":5698,"date":"2025-06-14T17:10:22","date_gmt":"2025-06-14T22:10:22","guid":{"rendered":"https:\/\/rayo-papeleria.com\/?post_type=product&#038;p=5698"},"modified":"2025-12-29T19:39:58","modified_gmt":"2025-12-30T00:39:58","slug":"contrato-de-compra-venta-de-vehiculos","status":"publish","type":"product","link":"https:\/\/rayo-papeleria.com\/?product=contrato-de-compra-venta-de-vehiculos","title":{"rendered":"Contrato de Compra Venta de Veh\u00edculos"},"content":{"rendered":"<p>\u26a1 <strong>DISE\u00d1ADO PARA TI<\/strong> \u2728<\/p>\n<p>\ud83e\uddcd\u200d\u2642\ufe0f\ud83e\uddcd\u200d\u2640\ufe0f <strong>Datos Personales del Comprador y Vendedor:<\/strong> Nombres completos y n\u00fameros de identificaci\u00f3n.<br \/>\n\ud83d\ude97 <strong>Identificaci\u00f3n del Veh\u00edculo:<\/strong> Incluye marca, modelo, a\u00f1o, color, n\u00famero de placa, n\u00famero de chasis y motor.<br \/>\n\ud83d\udcb0 <strong>Valor y Forma de Pago:<\/strong> Monto total acordado, forma de pago (efectivo, transferencia, cheque), y fecha.<br \/>\n\ud83d\uddd3\ufe0f <strong>Fecha y Lugar del Contrato:<\/strong> Ciudad, y d\u00eda en que se firma el contrato.<br \/>\n\ud83d\udd27 <strong>Estado del Veh\u00edculo y Garant\u00edas:<\/strong> Declaraci\u00f3n de condici\u00f3n del veh\u00edculo y cualquier garant\u00eda ofrecida.<br \/>\n\u270d\ufe0f <strong>Firmas de las Partes:<\/strong> Firmas del comprador y vendedor.<\/p>\n","protected":false},"excerpt":{"rendered":"<p>\ud83d\udd10 <strong>Contrato de Compra y Venta de Veh\u00edculos con Reconocimiento de Firmas<\/strong><br \/>\n\u00a1Seguridad legal garantizada! Formaliza tu compra o venta de veh\u00edculo con un contrato. Claro, confiable y con valor jur\u00eddico.<\/p>\n","protected":false},"featured_media":5699,"comment_status":"open","ping_status":"closed","template":"","meta":{"_uag_custom_page_level_css":"","site-sidebar-layout":"default","site-content-layout":"","ast-site-content-layout":"default","site-content-style":"default","site-sidebar-style":"default","ast-global-header-display":"","ast-banner-title-visibility":"","ast-main-header-display":"","ast-hfb-above-header-display":"","ast-hfb-below-header-display":"","ast-hfb-mobile-header-display":"","site-post-title":"","ast-breadcrumbs-content":"","ast-featured-img":"","footer-sml-layout":"","theme-transparent-header-meta":"default","adv-header-id-meta":"","stick-header-meta":"","header-above-stick-meta":"","header-main-stick-meta":"","header-below-stick-meta":"","astra-migrate-meta-layouts":"set","ast-page-background-enabled":"default","ast-page-background-meta":{"desktop":{"background-color":"","background-image":"","background-repeat":"repeat","background-position":"center center","background-size":"auto","background-attachment":"scroll","background-type":"","background-media":"","overlay-type":"","overlay-color":"","overlay-opacity":"","overlay-gradient":""},"tablet":{"background-color":"","background-image":"","background-repeat":"repeat","background-position":"center center","background-size":"auto","background-attachment":"scroll","background-type":"","background-media":"","overlay-type":"","overlay-color":"","overlay-opacity":"","overlay-gradient":""},"mobile":{"background-color":"","background-image":"","background-repeat":"repeat","background-position":"center center","background-size":"auto","background-attachment":"scroll","background-type":"","background-media":"","overlay-type":"","overlay-color":"","overlay-opacity":"","overlay-gradient":""}},"ast-content-background-meta":{"desktop":{"background-color":"var(--ast-global-color-5)","background-image":"","background-repeat":"repeat","background-position":"center center","background-size":"auto","background-attachment":"scroll","background-type":"","background-media":"","overlay-type":"","overlay-color":"","overlay-opacity":"","overlay-gradient":""},"tablet":{"background-color":"var(--ast-global-color-5)","background-image":"","background-repeat":"repeat","background-position":"center center","background-size":"auto","background-attachment":"scroll","background-type":"","background-media":"","overlay-type":"","overlay-color":"","overlay-opacity":"","overlay-gradient":""},"mobile":{"background-color":"var(--ast-global-color-5)","background-image":"","background-repeat":"repeat","background-position":"center center","background-size":"auto","background-attachment":"scroll","background-type":"","background-media":"","overlay-type":"","overlay-color":"","overlay-opacity":"","overlay-gradient":""}}},"product_brand":[118],"product_cat":[150],"product_tag":[157,152,154,151,56,153,155,156],"class_list":{"0":"post-5698","1":"product","2":"type-product","3":"status-publish","4":"has-post-thumbnail","6":"product_brand-rayo","7":"product_cat-contrato","8":"product_tag-compradevehiculos","9":"product_tag-compraventavehiculos","10":"product_tag-contratolegal","11":"product_tag-contratovehicular","12":"product_tag-rayo","13":"product_tag-reconocimientodefirmas","14":"product_tag-traspasovehicular","15":"product_tag-ventadecarros","16":"desktop-align-center","17":"tablet-align-center","18":"mobile-align-center","20":"first","21":"instock","22":"shipping-taxable","23":"purchasable","24":"product-type-simple"},"aioseo_notices":[],"uagb_featured_image_src":{"full":["https:\/\/rayo-papeleria.com\/wp-content\/uploads\/2025\/06\/RAYO-contrato.jpg",1200,1200,false],"thumbnail":["https:\/\/rayo-papeleria.com\/wp-content\/uploads\/2025\/06\/RAYO-contrato-150x150.jpg",150,150,true],"medium":["https:\/\/rayo-papeleria.com\/wp-content\/uploads\/2025\/06\/RAYO-contrato-300x300.jpg",300,300,true],"medium_large":["https:\/\/rayo-papeleria.com\/wp-content\/uploads\/2025\/06\/RAYO-contrato-768x768.jpg",768,768,true],"large":["https:\/\/rayo-papeleria.com\/wp-content\/uploads\/2025\/06\/RAYO-contrato-1024x1024.jpg",1024,1024,true],"1536x1536":["https:\/\/rayo-papeleria.com\/wp-content\/uploads\/2025\/06\/RAYO-contrato.jpg",1200,1200,false],"2048x2048":["https:\/\/rayo-papeleria.com\/wp-content\/uploads\/2025\/06\/RAYO-contrato.jpg",1200,1200,false],"woocommerce_thumbnail":["https:\/\/rayo-papeleria.com\/wp-content\/uploads\/2025\/06\/RAYO-contrato-300x300.jpg",300,300,true],"woocommerce_single":["https:\/\/rayo-papeleria.com\/wp-content\/uploads\/2025\/06\/RAYO-contrato-600x600.jpg",600,600,true],"woocommerce_gallery_thumbnail":["https:\/\/rayo-papeleria.com\/wp-content\/uploads\/2025\/06\/RAYO-contrato-100x100.jpg",100,100,true]},"uagb_author_info":{"display_name":"rayopr23@gmail.com","author_link":"https:\/\/rayo-papeleria.com\/?author=0"},"uagb_comment_info":5,"uagb_excerpt":"\ud83d\udd10 Contrato de Compra y Venta de Veh\u00edculos con Reconocimiento de Firmas \u00a1Seguridad legal garantizada! Formaliza tu compra o venta de veh\u00edculo con un contrato. Claro, confiable y con valor jur\u00eddico.","_links":{"self":[{"href":"https:\/\/rayo-papeleria.com\/index.php?rest_route=\/wp\/v2\/product\/5698","targetHints":{"allow":["GET"]}}],"collection":[{"href":"https:\/\/rayo-papeleria.com\/index.php?rest_route=\/wp\/v2\/product"}],"about":[{"href":"https:\/\/rayo-papeleria.com\/index.php?rest_route=\/wp\/v2\/types\/product"}],"replies":[{"embeddable":true,"href":"https:\/\/rayo-papeleria.com\/index.php?rest_route=%2Fwp%2Fv2%2Fcomments&post=5698"}],"wp:featuredmedia":[{"embeddable":true,"href":"https:\/\/rayo-papeleria.com\/index.php?rest_route=\/wp\/v2\/media\/5699"}],"wp:attachment":[{"href":"https:\/\/rayo-papeleria.com\/index.php?rest_route=%2Fwp%2Fv2%2Fmedia&parent=5698"}],"wp:term":[{"taxonomy":"product_brand","embeddable":true,"href":"https:\/\/rayo-papeleria.com\/index.php?rest_route=%2Fwp%2Fv2%2Fproduct_brand&post=5698"},{"taxonomy":"product_cat","embeddable":true,"href":"https:\/\/rayo-papeleria.com\/index.php?rest_route=%2Fwp%2Fv2%2Fproduct_cat&post=5698"},{"taxonomy":"product_tag","embeddable":true,"href":"https:\/\/rayo-papeleria.com\/index.php?rest_route=%2Fwp%2Fv2%2Fproduct_tag&post=5698"}],"curies":[{"name":"wp","href":"https:\/\/api.w.org\/{rel}","templated":true}]}}